n = -2*n. Suppose -35 = -2*b - 5*v, n = -m*v - v + 1. Calculate the greatest common factor of 120 and b.
15
Suppose 0 = 3*s, -5*s - 24 = 4*d + 16. Let n be 153*5*d/(-75). What is the greatest common factor of n and 68?
34
Let p be (-2)/4 - (3 + (-76)/8). Let y(x) = -x**3 + 11*x**2 - 4*x - 8*x + 1 - 9 - 4. Let d be y(9). What is the greatest common divisor of d and p?
6
Suppose 2*n - 3*s + s = 274, -s + 563 = 4*n. Suppose -12*k + 71 + 169 = 0. What is the greatest common divisor of n and k?
20
Let m(j) = -j**2 + 4*j + 14. Let k be m(-16). Let z = -9 - k. What is the highest common divisor of 27 and z?
27
Let x = -85 - -239. Suppose k = -h - 49 + x, h + 210 = 2*k. What is the greatest common factor of k and 21?
21
Let k(g) = 12*g**2 - 87*g - 460. Let o be k(-5). Let t = 29 - 4. What is the greatest common divisor of o and t?
25
Let r = -62 - -122. Suppose r = -d + 6*d. Calculate the highest common factor of 9 and d.
3
Let h(b) = b**3 - 13*b**2 - 50*b + 96. Let s be h(17). Calculate the greatest common divisor of 12 and s.
6
Suppose -5017 = 37*g - 18929. What is the greatest common factor of g and 8?
8
Let u(f) = 10*f + 2. Let q be u(5). Let w = 20 + -19. Let l be (3 - w) + 64*2. Calculate the greatest common factor of q and l.
26
Let c = 166 + 139. Calculate the greatest common factor of 15 and c.
5
Suppose -3*b + 111 = 57. What is the highest common divisor of 6 and b?
6
Let x = -275 + 387. Let i(o) = -o**2 + 13*o + 28. Let v be i(14). What is the highest common divisor of x and v?
14
Let p be 9/(-3) + (-88)/(-1). Suppose -w + 5 = -p. Let m be 12/(-9)*45/(-6). Calculate the highest common divisor of w and m.
10
Suppose -6*d = -4*d - 3*q - 12, -5*d = 4*q + 16. Suppose m - 139 + 13 = d. What is the highest common divisor of m and 18?
18
Suppose -5*g + 56 + 9 = 0. What is the highest common factor of g and 351?
13
Let k = -1 - 3. Let t = k + 39. What is the highest common factor of 14 and t?
7
Suppose 0 = -2*t + 122 - 50. Let u(p) = 3*p**2 - 3. Let v be u(-3). Calculate the greatest common divisor of t and v.
12
Let y(o) = o**3 - 2*o - 1. Let r be y(2). Suppose 6*x - 27 = r*x. Suppose 52 = 2*u + 2*l, -5*l = u - l - 23. What is the greatest common factor of u and x?
9
Let x = -41 - -48. Suppose -x = -3*u - 5*s + 55, 4*s - 16 = 0. Calculate the greatest common factor of u and 2.
2
Let g be (-14)/(-10) + (-6)/(-10). Suppose -14 = 4*u - g*a, a + 2*a = -2*u + 13. Let c = u - -11. What is the greatest common factor of 110 and c?
10
Suppose 0 = 4*y - t - 60 - 60, 0 = 2*y - 5*t - 42. What is the greatest common divisor of y and 31?
31
Let b be (6/(-5))/((-3)/10). Let x be (-6)/3*(-18)/b. Let z be (21/2)/((-12)/(-72)). Calculate the greatest common factor of x and z.
9
Let q(c) = 2*c**3 - 5*c**2 - 5*c - 10. Let t be q(7). Suppose 0*k - t = -9*k. What is the highest common divisor of 11 and k?
11
Let b be 1/2 - (-539)/(-14). Let l = b - -71. Calculate the greatest common factor of l and 11.
11
Let a(f) = 2*f**2 - 6*f + 4. Let p be a(4). Suppose 2 = -2*g + 3*g. Suppose -g*k + 162 - 42 = 0. What is the highest common divisor of k and p?
12
Let v = -118 - -186. Let o(b) = -b**2 - 11*b**3 - b - 3 + 4 + 29*b**3. Let n be o(1). What is the greatest common factor of v and n?
17
Suppose 29*x - 28*x = 8. Suppose 5*s = -5, 2*h = 3*s + 4 + 11. Calculate the highest common factor of x and h.
2
Let t(y) = y**3 - 12*y**2 - 2*y - 13. Let r be t(12). Let d = r + 109. Let u(j) = -5*j - 2. Let b be u(-4). Calculate the highest common divisor of b and d.
18
Let s(g) = -4*g**3 - 18*g**2 + 9*g + 20. Let q be s(-5). Let v be 14/3 + 4/12. Calculate the greatest common divisor of q and v.
5
Suppose -21*d - 7*d = -1344. Suppose -5*z - 3*p = 9, 7*z - 2*z = 3*p + 9. Let r be ((-64)/6 + z)*-3. Calculate the highest common factor of d and r.
16
Let n be 88*-2*1/(-2). Let l = 155 - 147. Calculate the greatest common factor of n and l.
8
Suppose 2*k - 296 = 5*q, -4*k = q + 2*q + 188. Let u = q + 81. Calculate the highest common divisor of u and 21.
21
Suppose -d + 6 = 4*z, 3 = 4*z - z. Let m(j) = 2*j**3 - j**2 - j - 2. Let i be m(d). Suppose -u - u + i = 0. What is the greatest common factor of 8 and u?
4
Let k(v) = 4*v - 76. Let x be k(27). What is the greatest common factor of x and 56?
8
Let v be (-899)/(-6) + (-14)/(-84). Let l = -145 + v. Calculate the highest common factor of 95 and l.
5
Suppose -o + 3*d = 8*d - 270, -564 = -2*o + 2*d. Calculate the highest common factor of o and 28.
28
Let k be ((-378)/49)/((-1)/7). What is the highest common factor of k and 72?
18
Suppose 158 = 4*m + 3*b, 16 = m + 4*b - 30. What is the highest common divisor of m and 1102?
38
Suppose -m = -4*m + 33. Let q(v) = -122 + v + 54 + 65. Let h be q(m). Calculate the highest common factor of h and 64.
8
Let o be 1*2*8/(48/189). Calculate the greatest common factor of o and 18.
9
Suppose n - 3*c + 17 - 85 = 0, 0 = -5*n + 2*c + 392. Calculate the greatest common divisor of n and 32.
16
Suppose 5*w = -47 - 3. Let j be (w/(-9))/((-15)/(-135)). Calculate the highest common factor of j and 110.
10
Let q(g) = g**2 - 8*g - 19. Let p be q(10). Let y(a) = 9*a - 2. Let l be y(p). What is the highest common factor of l and 63?
7
Let k = -18 - -23. Suppose -4*i + 2*q = -0*i - 24, -4*q = k*i - 4. What is the greatest common divisor of i and 36?
4
Let n = -191 - -238. Calculate the highest common factor of 141 and n.
47
Suppose 0 = 30*n - 261 - 339. Calculate the highest common divisor of 25 and n.
5
Suppose -4 = a, -9 = -i + 4*a + 11. Suppose 2*f + 2 = 4*o - 10, i*f - 16 = 0. Suppose -o*n = -205 - 65. What is the greatest common divisor of n and 18?
18
Let y(s) = -9*s**3 + 14*s**2 + 7*s - 2. Let v be y(-6). Suppose -v = -5*j - u - 3*u, -3*j + 4*u = -1468. Calculate the greatest common divisor of j and 44.
44
Suppose 0 = -o + 16 + 20. Suppose -4*k + 270 = 5*x - 3*k, 270 = 5*x - k. Calculate the greatest common factor of o and x.
18
Let r(x) = -22*x**3 - x**2 + 2*x + 2. Let c be r(-1). Suppose 26*v - c*v - 10 = 0. Calculate the greatest common divisor of 26 and v.
2
Suppose -53*t + 367 = -1965. Let p be -2*2/(-10)*10. What is the highest common factor of p and t?
4
Suppose -29*v - 9 = -32*v. Suppose -v*b - 47 = -o, -2*o = -3*b + o - 51. Let l be ((-208)/(-20))/((-6)/b). Calculate the highest common divisor of l and 130.
26
Suppose 0 = -4*h - 4 + 44. Let b = 55 + -15. Calculate the highest common factor of b and h.
10
Suppose 5*b - 9 - 21 = 0. Suppose b*o = 4*o + 10. Suppose u + 40 = o*c, 2*c - 11 = u + 2. Calculate the greatest common factor of c and 9.
9
Let u be 1/(-2) + (-105)/(-6). Let w(q) = -21*q**2 + 2. Let h be w(-2). Let y = h + 167. Calculate the greatest common factor of y and u.
17
Let f = 288 + -36. Suppose -34*c + 31*c + f = 0. What is the greatest common factor of 12 and c?
12
Let o = 24 - 14. Suppose -2*g = -4*k - g - 3, 4*k - 3*g + 9 = 0. Let j = o - k. Calculate the highest common divisor of j and 110.
10
Suppose 3*j = 4*i + 25, -5*i + 22 = -3. Let w = 6 + 0. Calculate the highest common divisor of j and w.
3
Let o = 276 + -16. Calculate the highest common factor of o and 52.
52
Suppose -360 = -0*h - 2*h. Let p be 405/h*(38/6 - 1). Calculate the greatest common divisor of p and 12.
12
Let p = -30 - -39. Let l(k) = k**2 + 9*k - 16. Let j be l(-13). Calculate the highest common factor of j and p.
9
Let h = 14 - 2. Let l be ((-2)/(h/(-10)))/(13/195). Calculate the highest common factor of l and 5.
5
Let f(h) = -31*h**3 + h**2 - h - 1. Suppose 3 - 21 = -2*d + 5*b, -18 = 2*d + 4*b. Let r be f(d). What is the greatest common factor of r and 48?
16
Suppose -5*a - 3*w + 0*w + 82 = 0, -3*a + 54 = -3*w. Suppose 0 = -4*h + b + 2*b + 473, 0 = 5*h - b - 594. What is the highest common divisor of h and a?
17
Let p(l) = -l**2 - 17*l + 32. Let m(z) = -2*z - 23. Let g be m(-3). Let j be p(g). Calculate the highest common divisor of 80 and j.
16
Suppose -z + 478 = 2*q - 450, -2*z - 2329 = -5*q. What is the highest common factor of q and 15?
15
Let a be (-2744)/(-36) + 2/(-9). Let z(l) = -2*l**2 - 2*l + 19. Let n be z(0). Calculate the highest common factor of n and a.
19
Let x(v) = 7 - 2*v**2 + 2*v**2 - 2*v**2 + 17*v. Let t be x(8). What is the greatest common factor of 15 and t?
15
Let s = -24 - -21. Let t be 17 - 